r when 654982 is divided by 198.
196
What is the remainder when 15062 is divided by 24?
14
Calculate the remainder when 532155 is divided by 433.
431
What is the remainder when 15995 is divided by 410?
5
What is the remainder when 1374 is divided by 385?
219
Calculate the remainder when 39374 is divided by 365.
319
What is the remainder when 198498 is divided by 18035?
113
What is the remainder when 3742 is divided by 1865?
12
What is the remainder when 9857 is divided by 159?
158
What is the remainder when 8380 is divided by 4190?
0
Calculate the remainder when 657 is divided by 537.
120
Calculate the remainder when 23206 is divided by 1105.
1
Calculate the remainder when 1911251 is divided by 14.
13
What is the remainder when 177345 is divided by 17734?
5
What is the remainder when 132068 is divided by 75?
68
Calculate the remainder when 57116 is divided by 2116.
2100
What is the remainder when 164331 is divided by 134?
47
What is the remainder when 21681 is divided by 1666?
23
Calculate the remainder when 19870 is divided by 15.
10
Calculate the remainder when 1705 is divided by 28.
25
Calculate the remainder when 118481 is divided by 39487.
20
Calculate the remainder when 230655 is divided by 76.
71
Calculate the remainder when 98 is divided by 27.
17
Calculate the remainder when 561566 is divided by 112.
110
Calculate the remainder when 1383 is divided by 653.
77
What is the remainder when 140937 is divided by 28186?
7
Calculate the remainder when 114720 is divided by 385.
375
What is the remainder when 41431 is divided by 98?
75
What is the remainder when 11253 is divided by 3709?
126
What is the remainder when 804 is divided by 317?
170
Calculate the remainder when 1446981 is divided by 638.
635
What is the remainder when 2329 is divided by 2258?
71
Calculate the remainder when 35913 is divided by 630.
3
Calculate the remainder when 218 is divided by 57.
47
Calculate the remainder when 11733 is divided by 40.
13
What is the remainder when 370 is divided by 41?
1
What is the remainder when 6077 is divided by 470?
437
Calculate the remainder when 170987 is divided by 3.
2
Calculate the remainder when 8816 is divided by 33.
5
Calculate the remainder when 14501 is divided by 238.
221
What is the remainder when 2049 is divided by 662?
63
Calculate the remainder when 21910 is divided by 132.
130
Calculate the remainder when 58424 is divided by 2921.
4
Calculate the remainder when 13458 is divided by 21.
18
Calculate the remainder when 606475 is divided by 38.
33
What is the remainder when 26170 is divided by 6538?
18
Calculate the remainder when 32620 is divided by 17.
14
What is the remainder when 1875 is divided by 1830?
45
Calculate the remainder when 8310 is divided by 126.
120
What is the remainder when 5784 is divided by 199?
13
What is the remainder when 45421 is divided by 15138?
7
Calculate the remainder when 8670 is divided by 8653.
17
What is the remainder when 1741 is divided by 1295?
446
What is the remainder when 18524 is divided by 977?
938
Calculate the remainder when 174441 is divided by 474.
9
What is the remainder when 16138 is divided by 43?
13
What is the remainder when 134492 is divided by 643?
105
What is the remainder when 145632 is divided by 46?
42
What is the remainder when 43166 is divided by 251?
245
Calculate the remainder when 72430 is divided by 1646.
6
What is the remainder when 764923 is divided by 217?
215
What is the remainder when 1511 is divided by 32?
7
What is the remainder when 308 is divided by 62?
60
Calculate the remainder when 22669 is divided by 35.
24
Calculate the remainder when 7523 is divided by 204.
179
Calculate the remainder when 1030 is divided by 172.
170
What is the remainder when 17296 is divided by 168?
160
Calculate the remainder when 615843 is divided by 20528.
3
What is the remainder when 240963 is divided by 120474?
15
Calculate the remainder when 13771 is divided by 1495.
316
Calculate the remainder when 321648 is divided by 57.
54
Calculate the remainder when 17727 is divided by 1773.
1770
Calculate the remainder when 7318 is divided by 3643.
32
What is the remainder when 2481 is divided by 499?
485
Calculate the remainder when 106252 is divided by 79.
76
Calculate the remainder when 19289 is divided by 245.
179
Calculate the remainder when 24309 is divided by 38.
27
Calculate the remainder when 8319 is divided by 701.
608
What is the remainder when 7986 is divided by 1006?
944
What is the remainder when 23368 is divided by 57?
55
Calculate the remainder when 1405 is divided by 188.
89
Calculate the remainder when 96940 is divided by 10769.
19
Calculate the remainder when 164981 is divided by 41.
38
What is the remainder when 6398 is divided by 6329?
69
Calculate the remainder when 73 is divided by 45.
28
What is the remainder when 43722 is divided by 248?
74
Calculate the remainder when 16857093 is divided by 24.
21
Calculate the remainder when 23903 is divided by 646.
1
What is the remainder when 24023 is divided by 8?
7
Calculate the remainder when 29892 is divided by 89.
77
Calculate the remainder when 184143 is divided by 2790.
3
Calculate the remainder when 75198 is divided by 25057.
27
Calculate the remainder when 54655 is divided by 792.
7
What is the remainder when 183682 is divided by 90?
82
What is the remainder when 3290 is divided by 1347?
596
What is the remainder when 4465419 is divided by 58?
57
Calculate the remainder when 1051 is divided by 257.
23
Calculate the remainder when 1979889 is divided by 110.
109
What is the remainder when 28895 is divided by 117?
113
What is the remainder when 79335 is divided by 11?
3
Calculate the remainder when 108 is divided by 106.
2
Calculate the remainder when 4833 is divided by 23.
3
Calculate the remainder when 5449 is divided by 116.
113
Calculate the remainder when 124652 is divided by 636.
632
Calculate the remainder when 1040 is divided by 337.
29
What is the remainder when 8663 is divided by 4184?
295
What is the remainder when 17877 is divided by 52?
41
What is the remainder when 16664 is divided by 4100?
264
Calculate the remainder when 27337 is divided by 415.
362
Calculate the remainder when 13136 is divided by 1198.
1156
Calculate the remainder when 47432 is divided by 107.
31
What is the remainder when 1182 is divided by 772?
410
What is the remainder when 6187 is divided by 35?
27
Calculate the remainder when 4604 is divided by 201.
182
What is the remainder when 13264 is divided by 25?
14
Calculate the remainder when 9120 is divided by 1520.
0
Calculate the remainder when 2324 is divided by 59.
23
Calculate the remainder when 905035 is divided by 134.
133
What is the remainder when 5515 is divided by 1044?
295
Calculate the remainder when 574268 is divided by 19802.
10
Calculate the remainder when 39813 is divided by 87.
54
Calculate the remainder when 10833 is divided by 1805.
3
Calculate the remainder when 1039 is divided by 75.
64
Calculate the remainder when 2618 is divided by 505.
93
What is the remainder when 33713 is divided by 785?
743
What is the remainder when 41656 is divided by 8320?
56
What is the remainder when 315445 is divided by 84?
25
What is the remainder when 1850 is divided by 350?
100
What is the remainder when 1778 is divided by 585?
23
What is the remainder when 98403 is divided by 462?
459
What is the remainder when 262817 is divided by 131402?
13
What is the remainder when 16375044 is divided by 39?
36
Calculate the remainder when 1577 is divided by 16.
9
Calculate the remainder when 38806 is divided by 31.
25
What is the remainder when 26413 is divided by 3176?
1005
Calculate the remainder when 9128 is divided by 342.
236
Calculate the remainder when 17279 is divided by 16919.
360
What is the remainder when 6186 is divided by 6173?
13
Calculate the remainder when 18177 is divided by 21.
12
What is the remainder when 4976 is divided by 19?
17
What is the remainder when 855256 is divided by 37185?
1
Calculate the remainder when 8260 is divided by 4108.
44
Calculate the remainder when 5043583 is divided by 1254.
1249
Calculate the remainder when 117662 is divided by 18.
14
Calculate the remainder when 3281 is divided by 308.
201
Calculate the remainder when 127507 is divided by 1191.